33/9 + u/(-6). Let w(g) = -g**2 + 4*g - 2. Determine w(j).
-2
Let y(h) = h + 5. Suppose -w = 3*w + 60. Let g = 11 + w. Give y(g).
1
Let c(q) be the third derivative of q**8/10080 - q**7/1260 - q**5/30 + q**2. Let g(b) be the third derivative of c(b). Determine g(3).
6
Let k(o) = 8*o + 1. Suppose 3*q - 5*a + 2*a + 15 = 0, 3*a - 6 = 0. Let d = q - -2. Give k(d).
-7
Let s(v) = 10*v**2 - 12*v**2 + 0*v - 5*v. Determine s(-4).
-12
Let m(u) be the second derivative of -u**3/6 + 4*u**2 + u. Let c(l) = -4*l - l - 2*l**2 + l**2. Let f be c(-5). Give m(f).
8
Let w(g) = 4 - 8*g - 1 - 5 + 1. Suppose 4*m + s = -0 - 1, -2*m = 2*s - 4. Let i = m + 0. Determine w(i).
7
Let m(i) = i**2 - 2*i - 4. Let k(r) = -r**3 - 12*r**2 - 10*r + 15. Let n be k(-11). Determine m(n).
4
Let z(x) be the second derivative of -x**5/20 - x**4/12 - x**3/6 + 4*x**2 + 6*x. Calculate z(0).
8
Let l(k) = -2*k. Suppose 4*t - 19 = -5*h, 4*t - 5*h + 0*h = -11. Let x be (t/(3/12))/(-1). Calculate l(x).
8
Suppose -r = -2*r + 4. Let p(l) = -89 + l + 0*l + 89. Give p(r).
4
Let t = 65 + -73. Let u(x) = -x**2 - 8*x + 8. Determine u(t).
8
Let o(k) = -2 + 7*k + 9*k - 2*k**2 - 13*k. Give o(2).
-4
Let f(n) = -n**3 + 4*n**2 - 4*n + 3. Let v be f(2). Let x = 9 + -5. Let g(j) = 3 - 3 + 1 - x*j. Determine g(v).
-11
Let t(z) = 198*z - 394*z + 195*z + 4. Determine t(7).
-3
Let n(q) = q**2 + 4*q. Suppose 8 = -0*a + 2*a. Suppose -4*u + 4*g = 6*g + a, 4*u = -g - 8. What is n(u)?
-3
Let m(a) = -a**2 + 11*a - 4. Let f(d) be the third derivative of -d**4/24 + 2*d**2. Let c(p) = -5*f(p) - m(p). Calculate c(5).
-1
Let n(c) be the second derivative of 3*c + 1/2*c**3 + 5/12*c**4 - 2*c**2 - 1/20*c**5 + 0. Give n(5).
11
Let q(y) be the second derivative of 0 - y**2 - 1/2*y**3 - 4*y - 1/6*y**4. Suppose 8 = -n - 3*n. Give q(n).
-4
Let h(p) be the third derivative of p**6/180 - p**4/6 + 9*p**2. Let v(n) be the second derivative of h(n). Give v(-1).
-4
Let q(v) = v**2 - 11*v - 8. Let z(t) = t**2 - t - 1. Let k(o) = q(o) - 2*z(o). Calculate k(-7).
8
Let r(z) = z**3 - 4*z**2 + 2*z. Suppose -2*q - 86 = -4*q - k, 2*q = -4*k + 80. Let v be 0 - 1 - q/(-11). Give r(v).
-3
Let b = 11 - 9. Let g be 4 - b/(-6)*-6. Let d(t) = 3*t**2 + 2*t - 3. Calculate d(g).
13
Let s(b) = b**3 + b**2 - b - 2. Let r = 1 - -2. Suppose r*x + 5 = a, -x + 3*a - 8*a = 7. What is s(x)?
-4
Let g(i) = -i**3 + 3*i**2 + 2*i - 4. Let x be (1 - -4)*(-3)/(-5). Suppose -5*f + 4*m = -7, 2*m = f - m + x. What is g(f)?
2
Let k(v) = 5*v. Let q(p) = p**3 - 2*p**2 + 2*p. Let c be q(2). Calculate k(c).
20
Let g(h) = -h**3 + h**2 + h. Suppose 7*j - 16 = 3*j - 5*v, -5*j = 4*v - 20. Let l = 8 - j. Let b(p) = -p**2 + 3*p + 3. Let q be b(l). Calculate g(q).
1
Let i(m) = -1. Let t(h) be the first derivative of -3/2*h**2 + 4 - 4*h. Let d(v) = -2*i(v) + t(v). Calculate d(2).
-8
Let g be ((-5)/(-3) + -2)*0. Let i(c) = c**2 + 2*c + 0*c**2 + 12 - 15 + g*c**2. Give i(-3).
0
Let p(v) = -v**2 - v + 2. Let o be p(-3). Let i = -3 - o. Suppose 3*n + 2 + i = 4*b, -2*b = -5*n + 9. Let l(h) = -3*h + 2. Give l(b).
-7
Let m(f) be the first derivative of -f**7/840 - f**6/72 - 7*f**5/120 - f**4/4 + 2*f**3 + 6. Let w(g) be the third derivative of m(g). Calculate w(-4).
6
Suppose -9*x - 8 = -5*x. Let f(g) = -2*g**2 - 4*g - 2. Give f(x).
-2
Let p(w) = w**2 + 2*w - 4. Let d(x) = x**2 - x + 1. Let j(a) = -3*d(a) - p(a). Determine j(2).
-13
Let i(v) = -4 + 1 + 0*v + 2*v - v**2 - 3*v. Calculate i(0).
-3
Let t(o) be the third derivative of -o**6/120 - o**5/15 + o**3/3 + 4*o**2. Let k be t(-4). Let s be (-36)/9 - 2/k. Let p(f) = -f**3 - 5*f**2 + f - 2. Give p(s).
-7
Let d(t) = -6*t + 1. Suppose 0*x + c = 4*x - 5, 0 = -2*x - 5*c + 19. Suppose 0 = -2*z - 2*o - 8, -x*z + 10 = -5*o - 17. Calculate d(z).
-5
Let q(s) be the third derivative of -s**4/8 + s**3/3 - 13*s**2. What is q(2)?
-4
Let v be 0*1/6*-3. Suppose f + f - 12 = v. Let i(u) = 1 - 2*u + 2 + 4. Give i(f).
-5
Let n(t) = -t**2 + 4*t - 2. Let o(q) = -q**2 - 13*q - 33. Let m be o(-9). Give n(m).
1
Let v(r) be the first derivative of r**6/180 + r**5/120 - r**4/24 + r**3 - 2. Let z(w) be the third derivative of v(w). Calculate z(1).
2
Let o be 6/(-2)*1 - -2. Let c(x) be the third derivative of 2*x**5/15 - x**4/24 - 7*x**2 + 2. Determine c(o).
9
Let j(w) = -3*w + 2 + 0 + 6*w + 1. Suppose -n = -3*s + 6, 0 = 5*n - s - 3*s + 19. Give j(n).
-6
Let k(w) = 4*w**2 + 3*w. Let g be k(-2). Let y be 2*1*25/g. Let t(n) = -3*n**2 - 4*n + 2*n**2 + y - 2. What is t(-4)?
3
Let f(l) = -9*l + 7. Let o(t) = -27*t + 19. Let u(d) = 11*f(d) - 4*o(d). Suppose -i + 0*i = -4. Suppose -g = -i, -4*k - g = -3*k - 3. Give u(k).
-8
Let r(n) = n**2 + n + 12. Suppose 4*d - 8*d + 12 = 0, -a - 3*d + 9 = 0. Determine r(a).
12
Let a(n) = 1 + n**3 - 3*n**2 + n**3 + 4*n - 3*n**3. What is a(-4)?
1
Let y(i) = 5*i**2 - 95 - 6*i + 0*i**3 + 102 + i + i**3. What is y(-6)?
1
Let m(x) be the second derivative of x**4/12 - 11*x**3/6 + 6*x**2 + 4*x. Determine m(9).
-6
Let b(x) = -x**2 + 2 - 3*x - 1 - 2. What is b(-2)?
1
Let g(t) be the first derivative of t**6/120 + t**5/15 + t**4/8 + t**3/3 - t**2 - 6. Let q(i) be the second derivative of g(i). Let w = -8 - -5. What is q(w)?
2
Let g(m) = m + 9. Let l be g(-5). Suppose l = -2*h + h. Let k(n) = -1 - 1 - n + 0. Calculate k(h).
2
Let j(h) = 5*h**2 - h + 1. Let z(x) = x + 1. Let r be z(0). Calculate j(r).
5
Let y be ((-2)/4)/(7/(-42)). Suppose 15 = -y*n, 4*n + 2 = -5*a - 3. Let p(k) = -3 - 1 + 2 + 0*k**a + k**3 - 3*k**2 - k. Calculate p(3).
-5
Let c(m) = -9*m + 1. Let v(s) = 1. Let x(p) = -14*p + 5. Let h(t) = -4*v(t) + x(t). Let d(l) = -8*c(l) + 5*h(l). What is d(3)?
3
Suppose -4*u - 8 = -16. Suppose 5*v = 5*k + 6*v - 18, 5*v = -3*k + u. Let s(w) = w**3 - 5*w**2 + 3*w + 2. Determine s(k).
-2
Suppose -2 = -s + 1. Suppose -3*z = s*m + 27, 0 = -6*m + m - 20. Let u(n) = -n**3 - 6*n**2 - 5*n - 3. Calculate u(z).
-3
Let y(n) be the third derivative of -n**6/120 + n**5/30 + n**4/12 + n**3/3 - n**2. Give y(3).
-1
Suppose -3*b + 35 = -5*s - b, b = -2*s - 14. Let m(p) = p**2 + 5*p - 8. Let r be m(s). Let x(k) = -1 - 2 + r*k + 3. Calculate x(1).
6
Let r(w) be the first derivative of -w**3 + 7 + 2*w**2 - 3*w + 1/4*w**4. Give r(2).
1
Let s be (-15)/(-6)*4/(-5). Let z be (-3)/(3/(-2)) - s. Let v(l) = -l**2 + 2*l - 2. What is v(z)?
-10
Let w(t) = -3*t + 4*t + 4*t - 7*t. Determine w(3).
-6
Let d(k) be the first derivative of k**6/120 + k**5/12 - k**4/24 - k**3/2 + 3*k**2/2 + 2. Let i(s) be the second derivative of d(s). What is i(-5)?
2
Let p(m) = -4 - 3 - m + 0. Determine p(-7).
0
Let a(w) = w**3 - 6*w**2 + 6*w - 4. Let k be (-15)/(-60)*16*1. Determine a(k).
-12
Let y be 16/4 + -1 - 2. Suppose -v + 3*r - y = 6, v = -2*r - 2. Let f(x) = 3*x - 2*x + x + 1. Determine f(v).
-7
Let c = -26 + 62. Let y be (-7)/9 + (-8)/c. Let u(x) = -2*x**3 + x + 1. What is u(y)?
2
Suppose 3*o - 3 = 3. Let b(m) = 4*m**3 - 13*m**3 + 3*m**3 - o*m + 1. Calculate b(1).
-7
Let s be ((-2)/(-7))/((-3)/(-21)). Let a(g) = 0*g + 3 + 8*g - g - 2*g**2 - s*g. What is a(4)?
-9
Suppose -2*z + 7*z - 4*m + 20 = 0, -z - 2*m = -10. Let r(v) be the second derivative of -7/2*v**2 + 0 + v - 1/6*v**3. Determine r(z).
-7
Suppose 3 = -14*q - 11. Let b(h) = -14*h. Determine b(q).
14
Let f be (1 - -2)/(1/3). Suppose 3*k - f = 6. Let w(q) = -q + 0*q + 2*q - 4. What is w(k)?
1
Suppose -2*y - 42 = 3*g - 0*y, -y = 2*g + 27. Let n be (g/(-10))/((-9)/(-30)). Let i(x) = x + 1 - 1 - 4*x + n*x**2 + 2. Give i(2).
12
Let s(q) = 2*q - 13. Let u(y) = -y + 6. Let l(c) = 4*s(c) + 9*u(c). Let r(z) = 2*z - 2. Let x be r(2). What is l(x)?
0
Let x be (-6)/27 + 6/27. Let v be x - 1 - 0/(-1). Let o(q) be the first derivative of 3*q**4/4 + q**3/3 - q**2/2 - q - 1. Calculate o(v).
-2
Suppose -1 - 3 = 4*a. Let q(i) be the third derivative of 1/12*i**4 - 8*i**2 + 0 + 0*i - 1/6*i**3. Give q(a).
-3
Let k be (0/(1/1))/2. Suppose -5*n + 10*n = k. Let t = -2 + n. Let c(j) = -4*j - 1. What is c(t)?
7
Suppose -5*a = 5*b, -3*b = a + 16 - 6. Let n(r) = 0*r + r + 0*r + 5. Calculate n(b).
0
Let h(l) = -5*l**2 - 3*l + 1. Let r(u) = 10*u**2 + 7*u - 3. Let x = 1 + -6. Let c(y) = x*h(y) - 2*r(y). Let n be ((-4)/(-6))/(2/(-3)). Give c(n).
5
Let z(w) = -w**3 - w**2 + 4*w + 1. Let s be z(-2). Let x(c) = c**3 + 2*c**2 + c. Calculate x(s).
-12
Let w(y) = 